{"id":1427,"date":"2018-08-20T22:24:26","date_gmt":"2018-08-20T22:24:26","guid":{"rendered":"http:\/\/innodescialtda.com\/wpress\/?page_id=1427"},"modified":"2018-08-21T15:04:01","modified_gmt":"2018-08-21T15:04:01","slug":"radiografia-digital","status":"publish","type":"page","link":"https:\/\/innodescialtda.com\/wpress\/radiografia-digital\/","title":{"rendered":"RADIOGRAFIA DIGITAL"},"content":{"rendered":"<p>La t\u00e9cnica innovadora que presenta INNODES con su equipo de esc\u00e1ner port\u00e1til para radiograf\u00eda digital con l\u00e1ser de foco de 30um. Tecnolog\u00eda patentada con una elevada relaci\u00f3n se\u00f1al \u2013 ruido que produce im\u00e1genes de alt\u00edsima calidad.<\/p>\n<p>El esc\u00e1ner lleva incorporado sistema de borrado de la imagen latente en las placas flexibles de fosfor\u00f3, aplicando la t\u00e9cnica en diversos tipos de inspecciones en las industrias petroleras, minera, gas\u00edfera, mar\u00edtima, a\u00e9rea, textil, de producci\u00f3n y constructoras, automotriz y maquinaria industrial, hidroel\u00e9ctricas y la industria alimenticia.<\/p>\n<div><\/div>\n<div><\/div>\n<div><\/div>\n<h3><strong>INFORME &#8211; RESULTADOS<\/strong><\/h3>\n<p>Cuando se trata de revelar la inspecci\u00f3n realizada nos permite la oportunidad de producir un informe poblada de la informaci\u00f3n y los datos junto con im\u00e1genes en miniatura. Proporcionamos la plantilla a las necesidades de nuestros clientes.<\/p>\n<h3><strong>EXCELENTE EN LAS OPERACI\u00d3N.<\/strong><\/h3>\n<p>Como empresa de innovaci\u00f3n en NDT estamos comprometidos con la satisfacci\u00f3n y poder brindar un servicio de calidad que satisfaga todas las necesidades de los clientes, a trav\u00e9s de procesos, equipos y personal t\u00e9cnico innovadores que garanticen la seguridad de los trabajos involucrados y en cumplimiento de las normas y tiempos estipulados.<\/p>\n","protected":false},"excerpt":{"rendered":"<p>La t\u00e9cnica innovadora que presenta INNODES con su equipo de esc\u00e1ner port\u00e1til para radiograf\u00eda digital con l\u00e1ser de foco de 30um. Tecnolog\u00eda patentada con una elevada relaci\u00f3n se\u00f1al \u2013 ruido &#8230;<\/p>\n","protected":false},"author":1,"featured_media":0,"parent":0,"menu_order":0,"comment_status":"closed","ping_status":"closed","template":"","meta":{"footnotes":""},"class_list":["post-1427","page","type-page","status-publish","hentry"],"_links":{"self":[{"href":"https:\/\/innodescialtda.com\/wpress\/wp-json\/wp\/v2\/pages\/1427","targetHints":{"allow":["GET"]}}],"collection":[{"href":"https:\/\/innodescialtda.com\/wpress\/wp-json\/wp\/v2\/pages"}],"about":[{"href":"https:\/\/innodescialtda.com\/wpress\/wp-json\/wp\/v2\/types\/page"}],"author":[{"embeddable":true,"href":"https:\/\/innodescialtda.com\/wpress\/wp-json\/wp\/v2\/users\/1"}],"replies":[{"embeddable":true,"href":"https:\/\/innodescialtda.com\/wpress\/wp-json\/wp\/v2\/comments?post=1427"}],"version-history":[{"count":8,"href":"https:\/\/innodescialtda.com\/wpress\/wp-json\/wp\/v2\/pages\/1427\/revisions"}],"predecessor-version":[{"id":1495,"href":"https:\/\/innodescialtda.com\/wpress\/wp-json\/wp\/v2\/pages\/1427\/revisions\/1495"}],"wp:attachment":[{"href":"https:\/\/innodescialtda.com\/wpress\/wp-json\/wp\/v2\/media?parent=1427"}],"curies":[{"name":"wp","href":"https:\/\/api.w.org\/{rel}","templated":true}]}}